*i + 4*j - 1651, -i - z*j + 220 = -312. What is the tens digit of i?
5
Let s = 837 + -833. Suppose -8*n = -s*n - 3288. What is the tens digit of n?
2
Let j be (-8)/28 - (-64)/28. Suppose -3*l = -5*d + 1225, -d + 3*d - 486 = j*l. Suppose 2*f - 20 = d. What is the tens digit of f?
3
Let q be (1 - -5)*(-208)/6. Let n = q - -376. What is the units digit of n?
8
Let w be 484*(-1)/1 - (94 - 99). Let p = w - -1252. What is the tens digit of p?
7
Suppose -19*a = -52095 + 2315. Let o = a + -1438. What is the hundreds digit of o?
1
Let j(u) = 7*u**2 - 57*u + 12. Let b be j(8). Suppose -4*t = -8, -8*w = -7*w + b*t - 50. What is the tens digit of w?
4
Let o be (-10)/3*63/(-14). Let v = o + -11. Suppose 230 = 2*i - 0*d + 2*d, 0 = -5*i - v*d + 574. What is the units digit of i?
4
What is the thousands digit of 314/(-2669) - 50662/(-17)?
2
Suppose 0 = 2*i - 751 - 7. Let k = 147 + i. What is the units digit of k?
6
Let a(c) = -c**3 - 30*c**2 - 55*c + 35. Let u be a(-28). Let p = u + 89. What is the tens digit of p?
9
Let i(b) = -34*b**3 + 2*b**2 + 3*b. Let s be i(-1). Let n = -27 + s. Suppose h = n*h - 170. What is the units digit of h?
4
Suppose -m - 5 = -2*m. Suppose 3*v - 910 = -2*u, -m*v = -v - 5*u - 1198. What is the units digit of v?
2
Suppose -2*g + 81675 = -3*j, -3*j = -g - 2*j + 40837. What is the thousands digit of g?
0
What is the ten thousands digit of 113385*(-10)/(-50) + 9?
2
Let t(u) = -5*u + 21. Suppose -p + 6*p = -l + 6, -2*p = -3*l + 1. Let q be (-1 - p/(-1))*(-44)/(-132). What is the tens digit of t(q)?
2
Let z be (-2 - (-27 - -15)) + 0/(-2). Let p(t) = -3*t - t + 22 - 2*t + t**2. What is the units digit of p(z)?
2
Let b be (2 - (13 + -20))*(-32)/(-6). Suppose -b*i + 48420 = -18*i. What is the units digit of i?
4
Let v = 3 + -7. Let r(h) = -h**2 - 2*h + 5. Let b be r(-3). What is the units digit of -2*(-2)/v - (-125 - b)?
6
Let x = 5163 + 50472. What is the units digit of x?
5
Suppose -57*s = -59*s - 4. What is the units digit of (16/3 + -6)/(s/138)?
6
Let l = -355 + 1299. Suppose 950*q - l*q = 1008. What is the hundreds digit of q?
1
Let o = -781 - -206. Let k = 958 + o. What is the hundreds digit of k?
3
Suppose 10*v - 291520 + 85450 = 0. What is the thousands digit of v?
0
Suppose 3*l + 17 + 13 = 3*m, 0 = -4*l. Suppose 1088 = 7*g + m*g. What is the units digit of g?
4
Suppose -5*z = -4*o - 3320, 14*o - 12*o = -4*z + 2630. What is the hundreds digit of z?
6
Suppose 13616 + 314 = -0*o + 2*o. What is the tens digit of o?
6
Suppose -9*w - 47 + 92 = 0. Suppose j - 1281 = w*t, 3*t - 3753 = -8*j + 5*j. What is the tens digit of j?
5
Suppose 4*u - 2*l = 13544, 10197 = 3*u - 183*l + 188*l. What is the tens digit of u?
8
Suppose -15*m + 6*m + 945 = 0. Suppose -13*z + 1923 = -m. What is the units digit of z?
6
Let m(r) = 3567*r**2 - 789*r - 3156. What is the hundreds digit of m(-4)?
0
Let o(n) = n + 56. Let v(h) = -8*h + 78. Let i be v(8). What is the units digit of o(i)?
0
Let o(g) = g**2 + 10*g + 18. Let k be o(-7). Let r(j) = -15*j**3 + 2*j**2 + 8*j + 8. What is the hundreds digit of r(k)?
4
Let q = 15087 + 21988. What is the thousands digit of q?
7
Suppose 352*w - 332*w - 93960 = 0. What is the tens digit of w?
9
Let c be (-15)/(-4) - 5/(-20). Let w be c/8*6 - 7. What is the units digit of 20/(3 + -7)*w?
0
Let u be 150/50 + 363*1. Suppose 1107 - u = j. What is the units digit of j?
1
Let l(u) = -14*u - 11. Let r be l(-5). Suppose 3*g = 2*g - v + 10, 5*g = 4*v + r. Suppose 0 = -7*z + g*z - 20. What is the units digit of z?
5
Let q = -1022 + 2148. Suppose -3*j = -5*m + q, 10*m + 239 = 11*m + 4*j. What is the units digit of m?
7
What is the hundreds digit of (32/(-208) - (-19505)/(-52))*-96?
0
Suppose -2*j - u - 16 - 2 = 0, u + 10 = -j. Let l be (-6)/(-18) - 47/(-3). What is the tens digit of (2/(j/202))/(l/(-32))?
0
Suppose -19 = 14*u + 23. What is the tens digit of (598 - 2 - u)/1 - 4?
9
Let r(i) = i + 3. Let u = -41 - -44. Suppose 108 = 3*w + u*w. What is the units digit of r(w)?
1
Suppose 43*o - 196567 = 159774. What is the thousands digit of o?
8
Let v(o) = -o**3 - 7*o**2 + 81*o + 14. Let x be v(-27). Suppose -17*l + x = -5409. What is the tens digit of l?
4
Let z(q) = q**3 + 19*q**2 - 19*q + 24. Let r be z(-20). Suppose -f = -3, -r*f = -3*j - j + 1396. What is the units digit of j?
2
Let y(w) = 109 + 120 + 114 + 116 - 453 - 29*w. Let b = 25 - 35. What is the tens digit of y(b)?
9
Let u = -1236 + 1451. What is the tens digit of u?
1
Let b = 33 + -39. Let m = b - -7. What is the tens digit of (m - (-134)/2)/((-2)/(-5))?
7
Suppose 0 = -59*y + 11*y + 282000. What is the hundreds digit of y?
8
Let l(j) be the second derivative of 3/2*j**3 + j - 6*j**2 - 2/3*j**4 + 0 + 1/20*j**5. What is the units digit of l(7)?
2
Suppose -5*u = 4*i - i - 21, i - 2*u + 4 = 0. Suppose 3*r = -i*k + 3*k - 4, 4*k + 2*r = -26. What is the tens digit of ((-31)/(-15))/(5/(-30))*k?
6
What is the hundreds digit of 1331849/762 - (0 + (-2)/12)?
7
Let o(t) = -t**2 - 8*t + 2. Let a be o(-8). Let c(j) = -21 - 4*j + 5*j + 6*j + 13*j**a - 11*j**2. What is the units digit of c(4)?
9
Suppose -4*g = g - 7640. Let l = g - 2374. What is the units digit of 6/(-4) + l/(-36)?
2
Let k(a) = -14*a**2 - 5*a + 1. Let z(f) = f**3 - 28*f**2 - 14*f + 3. Let c(i) = -5*k(i) + 2*z(i). What is the thousands digit of c(7)?
1
Suppose -42*m + 72*m = -75*m + 1155000. What is the units digit of m?
0
Let h(l) = l**3 + 8*l**2 - 14*l - 5. Let j be h(-9). Suppose 2*s - j = -0*s. Suppose -22*f + 62 = -s*f. What is the units digit of f?
1
Let i(x) = -x**3 + 16*x**2 + 10*x + 29. Let n be i(13). Suppose -9*h = -0*h + n. Let a = 106 + h. What is the units digit of a?
2
Let p(w) = 2*w - 12. Let v be p(10). Suppose y + 0*y - v*y = 0. Suppose 18*h - 13*h - 785 = y. What is the units digit of h?
7
Suppose -22*b = -25*b + 12. Suppose f - 3*n - 1754 = -b*f, -5*f = -n - 1748. What is the tens digit of f?
4
Let j(u) = -u**2 + 2*u + 26. Let g be j(0). Suppose -g*w + 114 = -7*w. What is the units digit of w?
6
Suppose 5*o = o + 8. Suppose -m - o*m = -n - 34, -4*n = -4*m + 152. Let b = n - -52. What is the units digit of b?
2
What is the units digit of (174/(-203))/2 + (-545768)/(-14)?
3
Suppose -2*c - 20 = a, -3*a - 15 = c - 0*a. Let t = -1 + c. What is the units digit of t*((294/(-4))/7 + 2)?
5
Suppose -3*j - 5*d + 1995 = 0, 3*d = -4*j + 4*d + 2683. Let s = j - -310. What is the tens digit of s?
8
Let o = -14 + 14. Suppose o = -5*i + 1453 - 428. Suppose 0 = -3*p + i + 392. What is the units digit of p?
9
What is the tens digit of (2*(-8)/(-48))/((-23)/(-3483603))?
8
Let o = 26 + -21. Suppose 396 = -3*k + o*k. Suppose 3*q + 4*v - 297 = 0, -2*q - 5*v = -0*q - k. What is the tens digit of q?
9
Suppose -4 = 3*a + 11. What is the hundreds digit of 7315/(-14)*4/a?
4
Let v be (2 - 32/7)/((-15)/70). What is the units digit of (-6)/(-4)*526*8/v?
6
Suppose 0 = -2*w - 6, -g - 5*w = -w + 2. What is the hundreds digit of (28/g)/((-20)/(-1250))?
1
Suppose 13*c = 22*c - 170469. What is the thousands digit of c?
8
Let b = -10084 - -35413. What is the thousands digit of b?
5
Suppose -5*r = -7 + 87. Let y = r - -14. What is the tens digit of 61 + (-3 - 1) - y?
5
Suppose 0 = 3*r - 4*h - 38062, 0 = 7*r - 4*r - h - 38077. What is the units digit of r?
4
Let u(p) = 2124*p - 14442. What is the hundreds digit of u(13)?
1
Let p be 1 - (-20)/(-15) - (-10)/3. Suppose 5*g - 3915 = -5*v, -p*g + v + 544 = -1825. What is the units digit of g?
8
Suppose 0 = -3*j - 5*t + 9, -6*j = -3*j - 3*t - 9. Suppose j*f + 3*w = 1245, 845 = 17*f - 15*f - 3*w. What is the tens digit of f?
1
Let v be ((-565)/3)/((-13)/39). Let u = 300 + v. What is the tens digit of u?
6
Let x = 1 - -3. Suppose 5*u - 1218 = -5*q + 487, x*u - 3*q = 1343. Suppose -5*c - u = -3*d - 24, -5*d - c = -570. What is the units digit of d?
3
Suppose -8*k = -21*k - 65. What is the hundreds digit of (-165)/(10 + k - 6)?
1
Let x be (1 - -5)/(7 - 88/16). Suppose -2*k - 2*q + 1226 = 0, 4*q = x*k + 590 - 3082. What is the units digit of k?
8
Suppose -430828 - 120385 = -389*l. What is the units digit of l?
7
What is the hundreds digit of (312/60 + -5 - 1) + (-8614)/(-5)?
7
Let h(x) = 560*x**2 + 80*x - 65. What is the hundreds digit of h(10)?
7
What is the thousands digit of (-14)/(-6)*345/161 + (348